{"id":26,"date":"2021-01-25T08:45:44","date_gmt":"2021-01-25T08:45:44","guid":{"rendered":"http:\/\/gm-plants.at\/?page_id=26"},"modified":"2023-04-27T13:32:28","modified_gmt":"2023-04-27T12:32:28","slug":"impressum","status":"publish","type":"page","link":"https:\/\/gm-plants.at\/?page_id=26","title":{"rendered":"Impressum"},"content":{"rendered":"\n<p class=\"has-text-align-center\"><code>GM Pflanzen GmbH <\/code><\/p>\n\n\n\n<p class=\"has-text-align-center\"><code>Walgaustra\u00dfe 79, Tor 3<br>6712 - Th\u00fcringen<\/code><\/p>\n\n\n\n<p class=\"has-text-align-center\"><code>E-Mail Adresse: <a href=\"mailto:admin@gm-plants.at\">office@gm-plants.at<\/a> <\/code><\/p>\n\n\n\n<p class=\"has-text-align-center\"><code>Telefon: 0699\/11270890  <\/code><\/p>\n\n\n\n<p class=\"has-text-align-center\"><code>UID Nummer: ATU 74640105<\/code><\/p>\n\n\n\n<p class=\"has-text-align-center\"><code>Firmenbuchnummer: 514747g<\/code><br><\/p>\n\n\n\n<p><\/p>\n\n\n\n<p class=\"has-text-align-center has-large-font-size\"><strong>Informationspflicht lt. ECG und Mediengesetz<\/strong><\/p>\n\n\n\n<p class=\"has-text-align-center\">Die Inhalte dieser Website wurden sorgf\u00e4ltig zusammengestellt und \u00fcberpr\u00fcft. Es kann jedoch keine Garantie hinsichtlich Richtigkeit, Vollst\u00e4ndigkeit, Funktionalit\u00e4t, Aktualit\u00e4t und st\u00e4ndiger Verf\u00fcgbarkeit gegeben werden. Alle Angaben erfolgen ohne Gew\u00e4hr. F\u00fcr die Inhalte externer, verlinkter Online-Angebote sind die jeweiligen Betreiber verantwortlich. Alle Inhalte auf dieser Website sind urheberrechtlich gesch\u00fctzt. Jede Nutzung \u2013 auch in Teilen \u2013 ist ohne Zustimmung des Betreibers bzw. des Urhebers untersagt.<\/p>\n","protected":false},"excerpt":{"rendered":"<p>GM Pflanzen GmbH Walgaustra\u00dfe 79, Tor 36712 &#8211; Th\u00fcringen E-Mail Adresse: office@gm-plants.at Telefon: 0699\/11270890 UID Nummer: ATU 74640105 Firmenbuchnummer: 514747g Informationspflicht lt. ECG und Mediengesetz Die Inhalte dieser Website wurden sorgf\u00e4ltig zusammengestellt und \u00fcberpr\u00fcft. Es kann jedoch keine Garantie hinsichtlich Richtigkeit, Vollst\u00e4ndigkeit, Funktionalit\u00e4t, Aktualit\u00e4t und st\u00e4ndiger Verf\u00fcgbarkeit gegeben werden. Alle Angaben erfolgen ohne Gew\u00e4hr. F\u00fcr [&hellip;]<\/p>\n","protected":false},"author":2,"featured_media":0,"parent":0,"menu_order":0,"comment_status":"closed","ping_status":"closed","template":"","meta":{"footnotes":""},"class_list":["post-26","page","type-page","status-publish","hentry"],"_links":{"self":[{"href":"https:\/\/gm-plants.at\/index.php?rest_route=\/wp\/v2\/pages\/26","targetHints":{"allow":["GET"]}}],"collection":[{"href":"https:\/\/gm-plants.at\/index.php?rest_route=\/wp\/v2\/pages"}],"about":[{"href":"https:\/\/gm-plants.at\/index.php?rest_route=\/wp\/v2\/types\/page"}],"author":[{"embeddable":true,"href":"https:\/\/gm-plants.at\/index.php?rest_route=\/wp\/v2\/users\/2"}],"replies":[{"embeddable":true,"href":"https:\/\/gm-plants.at\/index.php?rest_route=%2Fwp%2Fv2%2Fcomments&post=26"}],"version-history":[{"count":7,"href":"https:\/\/gm-plants.at\/index.php?rest_route=\/wp\/v2\/pages\/26\/revisions"}],"predecessor-version":[{"id":504,"href":"https:\/\/gm-plants.at\/index.php?rest_route=\/wp\/v2\/pages\/26\/revisions\/504"}],"wp:attachment":[{"href":"https:\/\/gm-plants.at\/index.php?rest_route=%2Fwp%2Fv2%2Fmedia&parent=26"}],"curies":[{"name":"wp","href":"https:\/\/api.w.org\/{rel}","templated":true}]}}